{"id":100,"date":"2026-02-15T15:35:46","date_gmt":"2026-02-15T15:35:46","guid":{"rendered":"https:\/\/silentmask.de\/?page_id=100"},"modified":"2026-02-15T15:37:54","modified_gmt":"2026-02-15T15:37:54","slug":"cookie-tajekoztato","status":"publish","type":"page","link":"https:\/\/silentmask.de\/?page_id=100","title":{"rendered":"COOKIE-T\u00e1j\u00e9koztat\u00f3"},"content":{"rendered":"<p>[et_pb_section fb_built=&#8221;1&#8243; _builder_version=&#8221;4.27.5&#8243; _module_preset=&#8221;default&#8221; global_colors_info=&#8221;{}&#8221;][et_pb_row _builder_version=&#8221;4.27.5&#8243; _module_preset=&#8221;default&#8221; global_colors_info=&#8221;{}&#8221;][et_pb_column type=&#8221;4_4&#8243; _builder_version=&#8221;4.27.5&#8243; _module_preset=&#8221;default&#8221; global_colors_info=&#8221;{}&#8221;][et_pb_text _builder_version=&#8221;4.27.5&#8243; _module_preset=&#8221;default&#8221; global_colors_info=&#8221;{}&#8221;]<\/p>\n<p>COOKIE-RICHTLINIE<br \/>Stand: [D\u00e1tum, pl. Februar 2026]<\/p>\n<p>Der Schutz Ihrer Privatsph\u00e4re ist uns sehr wichtig. Auf dieser Webseite werden keine Cookies verwendet.<\/p>\n<p>1. Was sind Cookies?<br \/>Cookies sind kleine Textdateien, die vom Browser auf Ihrem Endger\u00e4t gespeichert werden, um bestimmte Informationen zu sammeln oder das Nutzererlebnis zu verbessern.<\/p>\n<p>2. Verwendung von Cookies auf dieser Webseite<br \/>Wir haben uns bewusst dazu entschieden, auf dieser Webseite vollst\u00e4ndig auf den Einsatz von Cookies zu verzichten.<\/p>\n<p>Wir verwenden keine technisch notwendigen Cookies.<\/p>\n<p>Wir verwenden keine Analyse-Cookies (wie z. B. Google Analytics).<\/p>\n<p>Wir verwenden keine Marketing- oder Drittanbieter-Cookies (wie z. B. von sozialen Netzwerken).<\/p>\n<p>3. Server-Log-Files<br \/>Unabh\u00e4ngig von Cookies speichert unser Hosting-Anbieter (Rackhost Zrt.) automatisch Informationen in sogenannten Server-Log-Files, die Ihr Browser automatisch an uns \u00fcbermittelt. Dies sind:<\/p>\n<p>Browsertyp und Browserversion<\/p>\n<p>Verwendetes Betriebssystem<\/p>\n<p>Referrer URL<\/p>\n<p>Hostname des zugreifenden Rechners<\/p>\n<p>Uhrzeit der Serveranfrage<\/p>\n<p>IP-Adresse<\/p>\n<p>Diese Daten sind nicht bestimmten Personen zuordenbar. Eine Zusammenf\u00fchrung dieser Daten mit anderen Datenquellen wird nicht vorgenommen.<\/p>\n<p>4. \u00c4nderungen dieser Richtlinie<br \/>Sollten wir in Zukunft technisch notwendige Cookies einf\u00fchren, werden wir diese Richtlinie entsprechend aktualisieren und Sie \u2013 sofern gesetzlich erforderlich \u2013 um Ihre Einwilligung bitten.<\/p>\n<p>[\/et_pb_text][\/et_pb_column][\/et_pb_row][\/et_pb_section]<\/p>\n","protected":false},"excerpt":{"rendered":"<p>COOKIE-RICHTLINIEStand: [D\u00e1tum, pl. Februar 2026] Der Schutz Ihrer Privatsph\u00e4re ist uns sehr wichtig. Auf dieser Webseite werden keine Cookies verwendet. 1. Was sind Cookies?Cookies sind kleine Textdateien, die vom Browser auf Ihrem Endger\u00e4t gespeichert werden, um bestimmte Informationen zu sammeln oder das Nutzererlebnis zu verbessern. 2. Verwendung von Cookies auf dieser WebseiteWir haben uns bewusst [&hellip;]<\/p>\n","protected":false},"author":1,"featured_media":0,"parent":0,"menu_order":0,"comment_status":"closed","ping_status":"closed","template":"","meta":{"_et_pb_use_builder":"on","_et_pb_old_content":"","_et_gb_content_width":"","footnotes":""},"class_list":["post-100","page","type-page","status-publish","hentry"],"yoast_head":"<!-- This site is optimized with the Yoast SEO plugin v27.3 - https:\/\/yoast.com\/product\/yoast-seo-wordpress\/ -->\n<title>COOKIE-T\u00e1j\u00e9koztat\u00f3 - silentmask.de<\/title>\n<meta name=\"robots\" content=\"noindex, nofollow\" \/>\n<meta property=\"og:locale\" content=\"en_US\" \/>\n<meta property=\"og:type\" content=\"article\" \/>\n<meta property=\"og:title\" content=\"COOKIE-T\u00e1j\u00e9koztat\u00f3 - silentmask.de\" \/>\n<meta property=\"og:description\" content=\"COOKIE-RICHTLINIEStand: [D\u00e1tum, pl. Februar 2026] Der Schutz Ihrer Privatsph\u00e4re ist uns sehr wichtig. Auf dieser Webseite werden keine Cookies verwendet. 1. Was sind Cookies?Cookies sind kleine Textdateien, die vom Browser auf Ihrem Endger\u00e4t gespeichert werden, um bestimmte Informationen zu sammeln oder das Nutzererlebnis zu verbessern. 2. Verwendung von Cookies auf dieser WebseiteWir haben uns bewusst [&hellip;]\" \/>\n<meta property=\"og:url\" content=\"https:\/\/silentmask.de\/?page_id=100\" \/>\n<meta property=\"og:site_name\" content=\"silentmask.de\" \/>\n<meta property=\"article:modified_time\" content=\"2026-02-15T15:37:54+00:00\" \/>\n<meta name=\"twitter:card\" content=\"summary_large_image\" \/>\n<script type=\"application\/ld+json\" class=\"yoast-schema-graph\">{\"@context\":\"https:\\\/\\\/schema.org\",\"@graph\":[{\"@type\":\"WebPage\",\"@id\":\"https:\\\/\\\/silentmask.de\\\/?page_id=100\",\"url\":\"https:\\\/\\\/silentmask.de\\\/?page_id=100\",\"name\":\"COOKIE-T\u00e1j\u00e9koztat\u00f3 - silentmask.de\",\"isPartOf\":{\"@id\":\"https:\\\/\\\/silentmask.de\\\/#website\"},\"datePublished\":\"2026-02-15T15:35:46+00:00\",\"dateModified\":\"2026-02-15T15:37:54+00:00\",\"breadcrumb\":{\"@id\":\"https:\\\/\\\/silentmask.de\\\/?page_id=100#breadcrumb\"},\"inLanguage\":\"en-US\",\"potentialAction\":[{\"@type\":\"ReadAction\",\"target\":[\"https:\\\/\\\/silentmask.de\\\/?page_id=100\"]}]},{\"@type\":\"BreadcrumbList\",\"@id\":\"https:\\\/\\\/silentmask.de\\\/?page_id=100#breadcrumb\",\"itemListElement\":[{\"@type\":\"ListItem\",\"position\":1,\"name\":\"Home\",\"item\":\"https:\\\/\\\/silentmask.de\\\/\"},{\"@type\":\"ListItem\",\"position\":2,\"name\":\"COOKIE-T\u00e1j\u00e9koztat\u00f3\"}]},{\"@type\":\"WebSite\",\"@id\":\"https:\\\/\\\/silentmask.de\\\/#website\",\"url\":\"https:\\\/\\\/silentmask.de\\\/\",\"name\":\"silentmask.de\",\"description\":\"Silent Mask\",\"potentialAction\":[{\"@type\":\"SearchAction\",\"target\":{\"@type\":\"EntryPoint\",\"urlTemplate\":\"https:\\\/\\\/silentmask.de\\\/?s={search_term_string}\"},\"query-input\":{\"@type\":\"PropertyValueSpecification\",\"valueRequired\":true,\"valueName\":\"search_term_string\"}}],\"inLanguage\":\"en-US\"}]}<\/script>\n<!-- \/ Yoast SEO plugin. -->","yoast_head_json":{"title":"COOKIE-T\u00e1j\u00e9koztat\u00f3 - silentmask.de","robots":{"index":"noindex","follow":"nofollow"},"og_locale":"en_US","og_type":"article","og_title":"COOKIE-T\u00e1j\u00e9koztat\u00f3 - silentmask.de","og_description":"COOKIE-RICHTLINIEStand: [D\u00e1tum, pl. Februar 2026] Der Schutz Ihrer Privatsph\u00e4re ist uns sehr wichtig. Auf dieser Webseite werden keine Cookies verwendet. 1. Was sind Cookies?Cookies sind kleine Textdateien, die vom Browser auf Ihrem Endger\u00e4t gespeichert werden, um bestimmte Informationen zu sammeln oder das Nutzererlebnis zu verbessern. 2. Verwendung von Cookies auf dieser WebseiteWir haben uns bewusst [&hellip;]","og_url":"https:\/\/silentmask.de\/?page_id=100","og_site_name":"silentmask.de","article_modified_time":"2026-02-15T15:37:54+00:00","twitter_card":"summary_large_image","schema":{"@context":"https:\/\/schema.org","@graph":[{"@type":"WebPage","@id":"https:\/\/silentmask.de\/?page_id=100","url":"https:\/\/silentmask.de\/?page_id=100","name":"COOKIE-T\u00e1j\u00e9koztat\u00f3 - silentmask.de","isPartOf":{"@id":"https:\/\/silentmask.de\/#website"},"datePublished":"2026-02-15T15:35:46+00:00","dateModified":"2026-02-15T15:37:54+00:00","breadcrumb":{"@id":"https:\/\/silentmask.de\/?page_id=100#breadcrumb"},"inLanguage":"en-US","potentialAction":[{"@type":"ReadAction","target":["https:\/\/silentmask.de\/?page_id=100"]}]},{"@type":"BreadcrumbList","@id":"https:\/\/silentmask.de\/?page_id=100#breadcrumb","itemListElement":[{"@type":"ListItem","position":1,"name":"Home","item":"https:\/\/silentmask.de\/"},{"@type":"ListItem","position":2,"name":"COOKIE-T\u00e1j\u00e9koztat\u00f3"}]},{"@type":"WebSite","@id":"https:\/\/silentmask.de\/#website","url":"https:\/\/silentmask.de\/","name":"silentmask.de","description":"Silent Mask","potentialAction":[{"@type":"SearchAction","target":{"@type":"EntryPoint","urlTemplate":"https:\/\/silentmask.de\/?s={search_term_string}"},"query-input":{"@type":"PropertyValueSpecification","valueRequired":true,"valueName":"search_term_string"}}],"inLanguage":"en-US"}]}},"_links":{"self":[{"href":"https:\/\/silentmask.de\/index.php?rest_route=\/wp\/v2\/pages\/100","targetHints":{"allow":["GET"]}}],"collection":[{"href":"https:\/\/silentmask.de\/index.php?rest_route=\/wp\/v2\/pages"}],"about":[{"href":"https:\/\/silentmask.de\/index.php?rest_route=\/wp\/v2\/types\/page"}],"author":[{"embeddable":true,"href":"https:\/\/silentmask.de\/index.php?rest_route=\/wp\/v2\/users\/1"}],"replies":[{"embeddable":true,"href":"https:\/\/silentmask.de\/index.php?rest_route=%2Fwp%2Fv2%2Fcomments&post=100"}],"version-history":[{"count":4,"href":"https:\/\/silentmask.de\/index.php?rest_route=\/wp\/v2\/pages\/100\/revisions"}],"predecessor-version":[{"id":104,"href":"https:\/\/silentmask.de\/index.php?rest_route=\/wp\/v2\/pages\/100\/revisions\/104"}],"wp:attachment":[{"href":"https:\/\/silentmask.de\/index.php?rest_route=%2Fwp%2Fv2%2Fmedia&parent=100"}],"curies":[{"name":"wp","href":"https:\/\/api.w.org\/{rel}","templated":true}]}}